{"id":245,"date":"2016-12-09T11:10:55","date_gmt":"2016-12-09T11:10:55","guid":{"rendered":"http:\/\/pedagogonurcan.com.tr\/?page_id=245"},"modified":"2024-04-08T11:45:41","modified_gmt":"2024-04-08T08:45:41","slug":"hakkimizda","status":"publish","type":"page","link":"https:\/\/pedagogonurcan.com.tr\/index.php\/hakkimizda\/","title":{"rendered":"Hakk\u0131m\u0131zda"},"content":{"rendered":"<section class=\"wpb-content-wrapper\"><p>[vc_row css=&#8221;.vc_custom_1711999145903{padding-top: 2em !important;padding-bottom: 2.5em !important;}&#8221;][vc_column]<div id=\"sc_content_978519987\"\n\t\tclass=\"sc_content sc_content_default sc_float_center sc_content_width_2_3\"><h3 class=\"sc_item_title sc_content_title sc_align_center sc_item_title_style_default\">Ho\u015f geldiniz...<\/h3><div class=\"sc_content_container\">[vc_column_text css=&#8221;.vc_custom_1711996975051{margin-top: 4em !important;margin-bottom: 3.35em !important;}&#8221;]<\/p>\n<h5 style=\"text-align: center;\"><span style=\"color: #84b5b4;\">\u00c7ocuklar\u0131n mutlu olmas\u0131n\u0131 sa\u011flamak hayat\u0131m\u0131n en b\u00fcy\u00fck amac\u0131..<\/span><\/h5>\n<p>[\/vc_column_text]<\/div><\/div><!-- \/.sc_content -->[vc_row_inner][vc_column_inner width=&#8221;1\/2&#8243;][vc_column_text css_animation=&#8221;fadeIn&#8221;]1983 y\u0131l\u0131nda Hatay&#8217;\u0131n Samanda\u011f il\u00e7esinde hayata &#8220;Merhaba&#8221; dedim.\u00a0 Orta okul ve lise \u00f6\u011frenimimi Samanda\u011f Y\u00fcksel Acun Anadolu Lisesinde tamamlad\u0131m. Y\u00fcksek \u00f6\u011frenimimi Amsterdam Uygulamal\u0131 Bilimler \u00dcniversitesi Pedagoji lisans b\u00f6l\u00fcm\u00fcnde tamamlayarak \u00e7ocukluk hayalim olan Sosyal Pedagog unvan\u0131na sahip oldum.<br \/>\nAmsterdam&#8217;da kald\u0131\u011f\u0131m s\u00fcre boyunca hem \u00fcniversitenin uygulama bilimlerimde hem de kurumun \u00e7e\u015fitli birimlerinde stajlar\u0131m\u0131 tamamlad\u0131m. Hollanda da ba\u015fl\u0131ca staj yerlerim; Amsterdam Gen\u00e7lik Koruma B\u00fcrosunda Y\u00f6netici asistan\u0131 ve \u00e7ocuk e\u011fitimi rehberli\u011fi, Caland Lisesi Psikolojik Dan\u0131\u015fmanl\u0131k Rehberlik Servisi Rehber Asistanl\u0131\u011f\u0131, Bos en Lommer Anne-\u00c7ocuk Vakf\u0131 0-5 ya\u015f aras\u0131 oyun rehberli\u011finde yapt\u0131\u011f\u0131m stajlar geli\u015fimime \u00e7ok b\u00fcy\u00fck katk\u0131lar sa\u011flam\u0131\u015ft\u0131r.[\/vc_column_text][vc_column_text css_animation=&#8221;fadeIn&#8221;]Pedagog, \u00e7ocuk ve ergen ya\u015f grubuyla psikolojik dan\u0131\u015fmanl\u0131k \u00e7al\u0131\u015fmalar\u0131 y\u00fcr\u00fcten ki\u015fidir. \u00c7ocuklar\u0131n mutlu olmas\u0131n\u0131 sa\u011flamak hayat\u0131m\u0131n merkezinde yer alan en b\u00fcy\u00fck ama\u00e7lar\u0131mdan biridir.<br \/>\nKendimi s\u00fcrekli geli\u015ftirmeyi, bu geli\u015fimi sertifika e\u011fitim programlar\u0131yla desteklemeyi ve kazand\u0131\u011f\u0131m tecr\u00fcbeleri uygulayabilmeyi kendime ilke edinmi\u015f biri olarak profesyonel i\u015f hayat\u0131m\u0131 devam\u00a0ettirmekteyim.[\/vc_column_text][\/vc_column_inner][vc_column_inner width=&#8221;1\/2&#8243;][vc_single_image image=&#8221;1186&#8243; img_size=&#8221;full&#8221; alignment=&#8221;center&#8221; css_animation=&#8221;fadeIn&#8221;][\/vc_column_inner][\/vc_row_inner][\/vc_column][\/vc_row][vc_row full_width=&#8221;stretch_row&#8221; css=&#8221;.vc_custom_1711999164482{padding-top: 2.2em !important;padding-bottom: 3.75em !important;background-color: #f6f6f6 !important;background-position: center !important;background-repeat: no-repeat !important;background-size: cover !important;}&#8221;][vc_column]<div id=\"sc_title_1154056097\"\n\t\tclass=\"sc_title sc_title_default  vc_custom_1711997376143\"><h6 class=\"sc_item_subtitle sc_title_subtitle sc_align_center sc_item_title_style_default\">E\u011fitimim d\u0131\u015f\u0131nda ald\u0131\u011f\u0131m mesleki sertifikalar<\/h6><h3 class=\"sc_item_title sc_title_title sc_align_center sc_item_title_style_default\">Sertifikalar\u0131m<\/h3><\/div><!-- \/.sc_title -->[vc_row_inner][vc_column_inner width=&#8221;7\/12&#8243;][vc_single_image image=&#8221;1185&#8243; img_size=&#8221;full&#8221; style=&#8221;vc_box_rounded&#8221; css=&#8221;.vc_custom_1711997811895{padding-right: 5em !important;}&#8221;][\/vc_column_inner][vc_column_inner width=&#8221;5\/12&#8243;][vc_column_text]<\/p>\n<ul>\n<li>Duyu B\u00fct\u00fcnleme E\u011fitimi &#8211; Ba\u015fkent Kurumlar\u0131 (Eyl\u00fcl-Aral\u0131k 2023)<\/li>\n<li>Erken \u00c7ocuklukta Dil Geli\u015fimi &#8211; Brain E\u011fitim ve Dan\u0131\u015fmanl\u0131k Merkezi (\u015eubat 2022)<\/li>\n<li>Denver 2 Geli\u015fimsel Tarama Testi Uygulay\u0131c\u0131 E\u011fitimi &#8211; PsikoTerapi-\u0130st E\u011fitim ve Dan\u0131\u015fmanl\u0131k Merkezi (Aral\u0131k 2021)<\/li>\n<li>Weschler \u00c7ocuklar \u0130\u00e7in Zeka Testi Uygulay\u0131c\u0131s\u0131 E\u011fitimi (W\u0130SC-R) &#8211; Brain E\u011fitim ve Dan\u0131\u015fmanl\u0131k Merkezi &amp; St Clements University &amp; Ki\u015fisel Geli\u015fim D\u00fcnyas\u0131 (Ocak 2021)<\/li>\n<li>\u00d6zg\u00fcl \u00d6\u011frenme G\u00fc\u00e7l\u00fc\u011f\u00fc Testleri ve E\u011fitim Uygulamalar\u0131 &#8211; Ye\u015fil I\u015f\u0131k E\u011fitim ve Psikolojik Dan\u0131\u015fmanl\u0131k Merkezi (May\u0131s 2020)<\/li>\n<li>Uygulamal\u0131 \u00c7ocuk Merkezli ve Bili\u015fsel Davran\u0131\u015f\u00e7\u0131 Oyun Terapisi E\u011fitimi &#8211; PsikoTerapi-\u0130st E\u011fitim ve Dan\u0131\u015fmanl\u0131k Merkezi (May\u0131s 2019)<\/li>\n<li>MOXO ADHD Testi Uygulay\u0131c\u0131 Belgesi &#8211; NeuroTech Solutiond, MOXO T\u00fcrkiye ( Mart 2019)<\/li>\n<li>\u00c7ocuk Resimlerinin Psiko-Pedagojik Analizi ve \u00c7ocuk Testleri E\u011fitimi &#8211; PsikoTerapi-\u0130st E\u011fitim ve Dan\u0131\u015fmanl\u0131k Merkezi (\u015eubat 2019)<\/li>\n<li>Yap\u0131land\u0131r\u0131lm\u0131\u015f ve DEneyimsel Oyun Terapisi E\u011fitimi &#8211; Brain E\u011fitim ve Dan\u0131\u015fmanl\u0131k Merkezi (Ekim 2017)<\/li>\n<li>WISC-R Zeka Testi Uygulama, De\u011ferlendirme ve Raporlama Yeterlili\u011fi Sertifikas\u0131 &#8211; Paradigma Psikolojik ve Dan\u0131\u015fmanl\u0131k Merkezi ( May\u0131s 2015)<\/li>\n<li>Yeniram Akademi Kat\u0131l\u0131m Belgesi ( T\u00fcrk Psikolojik Dan\u0131\u015fma ve Rehberlik Derne\u011fi (PDR) (Haziran 2012)<\/li>\n<li>Ebeveynlik Destek ve E\u011fitim Sertifikas\u0131 &#8211; Certifcaat Minor Opvoedingsondersteuning &#8211; Certificate Minor Parent Education and Support (2009-2010)<\/li>\n<\/ul>\n<p>[\/vc_column_text][\/vc_column_inner][\/vc_row_inner][\/vc_column][\/vc_row]<\/p>\n<\/section>","protected":false},"excerpt":{"rendered":"<p>[vc_row css=&#8221;.vc_custom_1711999145903{padding-top: 2em !important;padding-bottom: 2.5em !important;}&#8221;][vc_column][vc_row_inner][vc_column_inner width=&#8221;1\/2&#8243;][vc_column_text css_animation=&#8221;fadeIn&#8221;]1983 y\u0131l\u0131nda Hatay&#8217;\u0131n Samanda\u011f il\u00e7esinde hayata &#8220;Merhaba&#8221; dedim.\u00a0 Orta okul ve lise \u00f6\u011frenimimi Samanda\u011f Y\u00fcksel Acun Anadolu Lisesinde tamamlad\u0131m. Y\u00fcksek \u00f6\u011frenimimi Amsterdam Uygulamal\u0131 Bilimler \u00dcniversitesi Pedagoji lisans b\u00f6l\u00fcm\u00fcnde tamamlayarak \u00e7ocukluk hayalim olan Sosyal Pedagog unvan\u0131na sahip oldum. Amsterdam&#8217;da kald\u0131\u011f\u0131m s\u00fcre boyunca hem \u00fcniversitenin uygulama bilimlerimde hem de kurumun \u00e7e\u015fitli birimlerinde stajlar\u0131m\u0131 tamamlad\u0131m. Hollanda&hellip;<\/p>\n","protected":false},"author":1,"featured_media":0,"parent":0,"menu_order":0,"comment_status":"closed","ping_status":"closed","template":"","meta":{"footnotes":""},"class_list":["post-245","page","type-page","status-publish","hentry"],"_links":{"self":[{"href":"https:\/\/pedagogonurcan.com.tr\/index.php\/wp-json\/wp\/v2\/pages\/245","targetHints":{"allow":["GET"]}}],"collection":[{"href":"https:\/\/pedagogonurcan.com.tr\/index.php\/wp-json\/wp\/v2\/pages"}],"about":[{"href":"https:\/\/pedagogonurcan.com.tr\/index.php\/wp-json\/wp\/v2\/types\/page"}],"author":[{"embeddable":true,"href":"https:\/\/pedagogonurcan.com.tr\/index.php\/wp-json\/wp\/v2\/users\/1"}],"replies":[{"embeddable":true,"href":"https:\/\/pedagogonurcan.com.tr\/index.php\/wp-json\/wp\/v2\/comments?post=245"}],"version-history":[{"count":17,"href":"https:\/\/pedagogonurcan.com.tr\/index.php\/wp-json\/wp\/v2\/pages\/245\/revisions"}],"predecessor-version":[{"id":1232,"href":"https:\/\/pedagogonurcan.com.tr\/index.php\/wp-json\/wp\/v2\/pages\/245\/revisions\/1232"}],"wp:attachment":[{"href":"https:\/\/pedagogonurcan.com.tr\/index.php\/wp-json\/wp\/v2\/media?parent=245"}],"curies":[{"name":"wp","href":"https:\/\/api.w.org\/{rel}","templated":true}]}}